{"id":3972,"date":"2018-05-16T13:59:55","date_gmt":"2018-05-16T18:59:55","guid":{"rendered":"http:\/\/pcp.centroexcentrico.com\/?page_id=3972"},"modified":"2025-05-12T16:15:14","modified_gmt":"2025-05-12T21:15:14","slug":"formulario-de-registro-usuarios","status":"publish","type":"page","link":"https:\/\/pcpplasticos.com\/usa\/formulario-de-registro-usuarios\/","title":{"rendered":"Registro usuarios"},"content":{"rendered":"<div data-elementor-type=\"wp-page\" data-elementor-id=\"3972\" class=\"elementor elementor-3972\" data-elementor-post-type=\"page\">\n\t\t\t\t<div class=\"elementor-element elementor-element-bcd7d30 e-con-full blanco-difuminado e-flex e-con e-parent\" data-id=\"bcd7d30\" data-element_type=\"container\" data-e-type=\"container\">\n\t\t\t\t<div class=\"elementor-element elementor-element-557d1845 elementor-widget elementor-widget-image-carousel\" data-id=\"557d1845\" data-element_type=\"widget\" data-e-type=\"widget\" data-settings=\"{&quot;slides_to_show&quot;:&quot;1&quot;,&quot;navigation&quot;:&quot;none&quot;,&quot;autoplay&quot;:&quot;yes&quot;,&quot;pause_on_hover&quot;:&quot;yes&quot;,&quot;pause_on_interaction&quot;:&quot;yes&quot;,&quot;autoplay_speed&quot;:5000,&quot;infinite&quot;:&quot;yes&quot;,&quot;effect&quot;:&quot;slide&quot;,&quot;speed&quot;:500}\" data-widget_type=\"image-carousel.default\">\n\t\t\t\t<div class=\"elementor-widget-container\">\n\t\t\t\t\t\t\t<div class=\"elementor-image-carousel-wrapper swiper\" role=\"region\" aria-roledescription=\"carousel\" aria-label=\"Carousel of images\" dir=\"ltr\">\n\t\t\t<div class=\"elementor-image-carousel swiper-wrapper swiper-image-stretch\" aria-live=\"off\">\n\t\t\t\t\t\t\t\t<div class=\"swiper-slide\" role=\"group\" aria-roledescription=\"slide\" aria-label=\"1 of 1\"><figure class=\"swiper-slide-inner\"><img decoding=\"async\" class=\"swiper-slide-image\" src=\"https:\/\/pcpplasticos.com\/wp-content\/uploads\/2025\/04\/reg-usuarios.jpg\" alt=\"reg-usuarios\" \/><\/figure><\/div>\t\t\t<\/div>\n\t\t\t\t\t<\/div>\n\t\t\t\t\t\t<\/div>\n\t\t\t\t<\/div>\n\t\t\t\t<\/div>\n\t\t<div class=\"elementor-element elementor-element-4c672aeb e-flex e-con-boxed e-con e-parent\" data-id=\"4c672aeb\" data-element_type=\"container\" data-e-type=\"container\">\n\t\t\t\t\t<div class=\"e-con-inner\">\n\t\t\t\t<div class=\"elementor-element elementor-element-23ccf9f9 contenedor-breadcrumb elementor-widget elementor-widget-woocommerce-breadcrumb\" data-id=\"23ccf9f9\" data-element_type=\"widget\" data-e-type=\"widget\" data-widget_type=\"woocommerce-breadcrumb.default\">\n\t\t\t\t<div class=\"elementor-widget-container\">\n\t\t\t\t\t<nav class=\"woocommerce-breadcrumb\" aria-label=\"Breadcrumb\"><a href=\"https:\/\/pcpplasticos.com\/usa\" data-no-translation=\"\" data-trp-gettext=\"\">Home<\/a><span>Products<\/span><\/nav>\t\t\t\t<\/div>\n\t\t\t\t<\/div>\n\t\t\t\t<div class=\"elementor-element elementor-element-68c2d2f0 elementor-widget elementor-widget-heading\" data-id=\"68c2d2f0\" data-element_type=\"widget\" data-e-type=\"widget\" data-widget_type=\"heading.default\">\n\t\t\t\t<div class=\"elementor-widget-container\">\n\t\t\t\t\t<h1 class=\"elementor-heading-title elementor-size-default\">Registro usuarios<\/h1>\t\t\t\t<\/div>\n\t\t\t\t<\/div>\n\t\t\t\t\t<\/div>\n\t\t\t\t<\/div>\n\t\t<div class=\"elementor-element elementor-element-12e98d6f e-flex e-con-boxed e-con e-parent\" data-id=\"12e98d6f\" data-element_type=\"container\" data-e-type=\"container\">\n\t\t\t\t\t<div class=\"e-con-inner\">\n\t\t\t\t<div class=\"elementor-element elementor-element-d412fc0 elementor-widget elementor-widget-heading\" data-id=\"d412fc0\" data-element_type=\"widget\" data-e-type=\"widget\" data-widget_type=\"heading.default\">\n\t\t\t\t<div class=\"elementor-widget-container\">\n\t\t\t\t\t<h2 class=\"elementor-heading-title elementor-size-default\">Formulario de registro de usuarios<\/h2>\t\t\t\t<\/div>\n\t\t\t\t<\/div>\n\t\t\t\t<div class=\"elementor-element elementor-element-7a2d9e1b elementor-widget elementor-widget-text-editor\" data-id=\"7a2d9e1b\" data-element_type=\"widget\" data-e-type=\"widget\" data-widget_type=\"text-editor.default\">\n\t\t\t\t<div class=\"elementor-widget-container\">\n\t\t\t\t\t\t\t\t\t<p>Please complete the following information to register on our website:<\/p>\t\t\t\t\t\t\t\t<\/div>\n\t\t\t\t<\/div>\n\t\t<div class=\"elementor-element elementor-element-42380924 e-con-full e-flex e-con e-child\" data-id=\"42380924\" data-element_type=\"container\" data-e-type=\"container\">\n\t\t\t\t<div class=\"elementor-element elementor-element-630d5c0c elementor-widget elementor-widget-shortcode\" data-id=\"630d5c0c\" data-element_type=\"widget\" data-e-type=\"widget\" data-widget_type=\"shortcode.default\">\n\t\t\t\t<div class=\"elementor-widget-container\">\n\t\t\t\t\t\t\t<div class=\"elementor-shortcode\">\n<div class=\"wpcf7 no-js\" id=\"wpcf7-f15317-o1\" lang=\"es-ES\" dir=\"ltr\" data-wpcf7-id=\"15317\">\n<div class=\"screen-reader-response\"><p role=\"status\" aria-live=\"polite\" aria-atomic=\"true\"><\/p> <ul><\/ul><\/div>\n<form action=\"\/usa\/wp-json\/wp\/v2\/pages\/3972#wpcf7-f15317-o1\" method=\"post\" class=\"wpcf7-form init\" aria-label=\"Formulario de contacto\" novalidate=\"novalidate\" data-status=\"init\" data-trp-original-action=\"\/usa\/wp-json\/wp\/v2\/pages\/3972#wpcf7-f15317-o1\">\n<fieldset class=\"hidden-fields-container\"><input type=\"hidden\" name=\"_wpcf7\" value=\"15317\" \/><input type=\"hidden\" name=\"_wpcf7_version\" value=\"6.1.5\" \/><input type=\"hidden\" name=\"_wpcf7_locale\" value=\"es_ES\" \/><input type=\"hidden\" name=\"_wpcf7_unit_tag\" value=\"wpcf7-f15317-o1\" \/><input type=\"hidden\" name=\"_wpcf7_container_post\" value=\"0\" \/><input type=\"hidden\" name=\"_wpcf7_posted_data_hash\" value=\"\" \/><input type=\"hidden\" name=\"_wpcf7_recaptcha_response\" value=\"\" \/>\n<\/fieldset>\n<div class=\"container-tcn1\">\n\t<div class=\"row\">\n\t\t<div class=\"hleft\">\n\t\t\t<p><span class=\"wpcf7-form-control-wrap\" data-name=\"nombre\"><input size=\"40\" maxlength=\"400\" class=\"wpcf7-form-control wpcf7-text wpcf7-validates-as-required\" aria-required=\"true\" aria-invalid=\"false\" placeholder=\"First name*\" value=\"\" type=\"text\" name=\"nombre\" \/><\/span>\n\t\t\t<\/p>\n\t\t<\/div>\n\t\t<div class=\"hright\">\n\t\t\t<p><span class=\"wpcf7-form-control-wrap\" data-name=\"apellidos\"><input size=\"40\" maxlength=\"400\" class=\"wpcf7-form-control wpcf7-text wpcf7-validates-as-required\" aria-required=\"true\" aria-invalid=\"false\" placeholder=\"Last name*\" value=\"\" type=\"text\" name=\"apellidos\" \/><\/span>\n\t\t\t<\/p>\n\t\t<\/div>\n\t<\/div>\n\t<div class=\"row\">\n\t\t<div class=\"hleft\">\n\t\t\t<p><span class=\"wpcf7-form-control-wrap\" data-name=\"telefono\"><input size=\"40\" maxlength=\"400\" class=\"wpcf7-form-control wpcf7-tel wpcf7-validates-as-required wpcf7-text wpcf7-validates-as-tel\" aria-required=\"true\" aria-invalid=\"false\" placeholder=\"Phone\" value=\"\" type=\"tel\" name=\"telefono\" \/><\/span>\n\t\t\t<\/p>\n\t\t<\/div>\n\t\t<div class=\"hright\">\n\t\t\t<p><span class=\"wpcf7-form-control-wrap\" data-name=\"email\"><input size=\"40\" maxlength=\"400\" class=\"wpcf7-form-control wpcf7-email wpcf7-validates-as-required wpcf7-text wpcf7-validates-as-email\" aria-required=\"true\" aria-invalid=\"false\" placeholder=\"Email*\" value=\"\" type=\"email\" name=\"email\" \/><\/span>\n\t\t\t<\/p>\n\t\t<\/div>\n\t<\/div>\n\t<div class=\"row\">\n\t\t<div class=\"hleft\">\n\t\t\t<p><span class=\"wpcf7-form-control-wrap\" data-name=\"pais\"><select class=\"wpcf7-form-control wpcf7-select wpcf7-validates-as-required\" aria-required=\"true\" aria-invalid=\"false\" name=\"pais\"><option value=\"Seleccionar Pa\u00eds\">Select Country<\/option><option value=\"Colombia\">Colombia<\/option><option value=\"M\u00e9xico\">Mexico<\/option><option value=\"Per\u00fa\">Peru<\/option><\/select><\/span>\n\t\t\t<\/p>\n\t\t<\/div>\n\t\t<div class=\"hright\">\n\t\t\t<p><span class=\"wpcf7-form-control-wrap\" data-name=\"deptartamento\"><input size=\"40\" maxlength=\"400\" class=\"wpcf7-form-control wpcf7-text wpcf7-validates-as-required\" aria-required=\"true\" aria-invalid=\"false\" placeholder=\"Department\" value=\"\" type=\"text\" name=\"deptartamento\" \/><\/span>\n\t\t\t<\/p>\n\t\t<\/div>\n\t<\/div>\n\t<div class=\"row\">\n\t\t<div class=\"hleft\">\n\t\t\t<p><span class=\"wpcf7-form-control-wrap\" data-name=\"ciudad\"><input size=\"40\" maxlength=\"400\" class=\"wpcf7-form-control wpcf7-text wpcf7-validates-as-required\" aria-required=\"true\" aria-invalid=\"false\" placeholder=\"City*\" value=\"\" type=\"text\" name=\"ciudad\" \/><\/span>\n\t\t\t<\/p>\n\t\t<\/div>\n\t\t<div class=\"hleft\">\n\t\t\t<p><span class=\"wpcf7-form-control-wrap\" data-name=\"especialidad\"><select class=\"wpcf7-form-control wpcf7-select wpcf7-validates-as-required\" aria-required=\"true\" aria-invalid=\"false\" name=\"especialidad\"><option value=\"\u00bfCu\u00e1l es su especialidad?\">\u00bfCu\u00e1l es su especialidad?<\/option><option value=\"Constructor\">Constructor<\/option><option value=\"Ingeniero\">Ingeniero<\/option><option value=\"Plomero\">Plomero<\/option><option value=\"Contratista\">Contratista<\/option><option value=\"Consumidor Final\">Consumidor Final<\/option><option value=\"Maestros\">Maestros<\/option><option value=\"Instalador Hidr\u00e1ulico\">Instalador Hidr\u00e1ulico<\/option><option value=\"Otros\">Otros<\/option><\/select><\/span>\n\t\t\t<\/p>\n\t\t<\/div>\n\t<\/div>\n\t<div class=\"acceptance-fc\">\n\t\t<p><span class=\"wpcf7-form-control-wrap\" data-name=\"acceptance-505\"><span class=\"wpcf7-form-control wpcf7-acceptance\"><span class=\"wpcf7-list-item\"><label><input type=\"checkbox\" name=\"acceptance-505\" value=\"1\" aria-invalid=\"false\" \/><span class=\"wpcf7-list-item-label\"><span style=\"color: #000;\">I agree to have read and accepted the <a class=\"habeas\" style=\"color: #a1a1a1;\" href=\"https:\/\/pcpplasticos.com\/usa\/data-protection\/\" target=\"_blank\" rel=\"noopener\">privacy policy*.<\/a><\/span><\/span><\/label><\/span><\/span><\/span>\n\t\t<\/p>\n\t<\/div>\n\t<div class=\"fc\">\n\t\t<p><input class=\"wpcf7-form-control wpcf7-submit has-spinner\" type=\"submit\" value=\"Send to\" \/>\n\t\t<\/p>\n\t<\/div>\n<\/div><div class=\"wpcf7-response-output\" aria-hidden=\"true\"><\/div>\n<input type=\"hidden\" name=\"trp-form-language\" value=\"usa\"\/><\/form>\n<\/div>\n<\/div>\n\t\t\t\t\t\t<\/div>\n\t\t\t\t<\/div>\n\t\t\t\t<\/div>\n\t\t\t\t\t<\/div>\n\t\t\t\t<\/div>\n\t\t<div class=\"elementor-element elementor-element-2add096 e-flex e-con-boxed e-con e-parent\" data-id=\"2add096\" data-element_type=\"container\" data-e-type=\"container\">\n\t\t\t\t\t<div class=\"e-con-inner\">\n\t\t\t\t<div class=\"elementor-element elementor-element-156bf833 elementor-widget__width-initial elementor-widget elementor-widget-text-editor\" data-id=\"156bf833\" data-element_type=\"widget\" data-e-type=\"widget\" data-widget_type=\"text-editor.default\">\n\t\t\t\t<div class=\"elementor-widget-container\">\n\t\t\t\t\t\t\t\t\t<div class=\"\">\n<div class=\"et_pb_module et_pb_text et_pb_text_1 et_pb_text_align_left et_pb_bg_layout_light\">\n<div class=\"et_pb_text_inner\">\n<div class=\"\">\n<div class=\"et_pb_text et_pb_module et_pb_bg_layout_light et_pb_text_align_left et_pb_text_1\">\n<div class=\"et_pb_text_inner\">\n\nSee <a href=\"http:\/\/pcp.centroexcentrico.com\/proteccion-de-datos\/\">here\u00a0<\/a>PCP's data handling policy.\n\n<\/div>\n<\/div>\n<\/div>\n<\/div>\n<\/div>\n<!-- .et_pb_text -->\n<div class=\"\">\n<div class=\"\">\n<ul class=\"\">\n \t<li id=\"id_43\" class=\"\" data-type=\"control_text\">\n<div id=\"cid_43\" class=\"\">\n<div id=\"text_43\" class=\"\" data-component=\"text\">\n\nConditions\n<ul>\n \t<li id=\"id_43\" class=\"form-line\" data-type=\"control_text\">\n<div id=\"cid_43\" class=\"form-input-wide\">\n<div id=\"text_43\" class=\"form-html\" data-component=\"text\">\n\nIf you need help or have any inconvenience, please call (57)606 3495279 ext. 200 in Bogot\u00e1 or write us at <a href=\"mailto:servicioalcliente@PCPplasticos.com\">servicioalcliente@PCPplasticos.com<\/a>\n\n<\/div>\n<\/div><\/li>\n<\/ul>\n<\/div>\n<\/div><\/li>\n \t<li id=\"id_32\" class=\"form-line\" data-type=\"control_text\">\n<div id=\"cid_32\" class=\"form-input-wide\">\n<div id=\"text_32\" class=\"form-html\" data-component=\"text\">Once your application is submitted, we will contact you to complete the registration.<\/div>\n<div class=\"form-html\" data-component=\"text\"><\/div>\n<div class=\"form-html\" data-component=\"text\"><\/div>\n<div class=\"form-html\" data-component=\"text\"><\/div>\n<div class=\"form-html\" data-component=\"text\"><\/div>\n<h2 class=\"form-html\" data-component=\"text\"><span style=\"font-size: x-large;\"><strong>Thank you!<\/strong><\/span><\/h2>\n<\/div><\/li>\n<\/ul>\n<\/div>\n<\/div>\n<!-- .et_pb_text -->\n\n<\/div>\t\t\t\t\t\t\t\t<\/div>\n\t\t\t\t<\/div>\n\t\t\t\t\t<\/div>\n\t\t\t\t<\/div>\n\t\t\t\t<\/div>","protected":false},"excerpt":{"rendered":"<p>Formulario de registro de usuarios Por favor complete los siguientes datos para registrarse en nuestro sitio web: Consulte aqu\u00ed\u00a0la pol\u00edtica de manejo de datos de PCP. Condiciones Si llega a necesitar ayuda o tiene alg\u00fan inconveniente, por favor comun\u00edquese al (57)606 3495279 ext. 200 en Bogot\u00e1 o escr\u00edbanos a servicioalcliente@PCPplasticos.com Una vez sea enviada su [&hellip;]<\/p>\n","protected":false},"author":296,"featured_media":0,"parent":0,"menu_order":0,"comment_status":"closed","ping_status":"closed","template":"","meta":{"_et_pb_use_builder":"on","_et_pb_old_content":"","_et_gb_content_width":"","content-type":"","footnotes":""},"class_list":["post-3972","page","type-page","status-publish","hentry"],"_links":{"self":[{"href":"https:\/\/pcpplasticos.com\/usa\/wp-json\/wp\/v2\/pages\/3972","targetHints":{"allow":["GET"]}}],"collection":[{"href":"https:\/\/pcpplasticos.com\/usa\/wp-json\/wp\/v2\/pages"}],"about":[{"href":"https:\/\/pcpplasticos.com\/usa\/wp-json\/wp\/v2\/types\/page"}],"author":[{"embeddable":true,"href":"https:\/\/pcpplasticos.com\/usa\/wp-json\/wp\/v2\/users\/296"}],"replies":[{"embeddable":true,"href":"https:\/\/pcpplasticos.com\/usa\/wp-json\/wp\/v2\/comments?post=3972"}],"version-history":[{"count":56,"href":"https:\/\/pcpplasticos.com\/usa\/wp-json\/wp\/v2\/pages\/3972\/revisions"}],"predecessor-version":[{"id":19051,"href":"https:\/\/pcpplasticos.com\/usa\/wp-json\/wp\/v2\/pages\/3972\/revisions\/19051"}],"wp:attachment":[{"href":"https:\/\/pcpplasticos.com\/usa\/wp-json\/wp\/v2\/media?parent=3972"}],"curies":[{"name":"wp","href":"https:\/\/api.w.org\/{rel}","templated":true}]}}